
3, 13, 2437, 4909
List the prime factors of 347259222.
2, 3, 2879, 6701
List the prime factors of 488161392.
2, 3, 17, 107, 5591
What are the prime factors of 27343381?
13, 89, 23633
List the prime factors of 125787479.
125787479
List the prime factors of 6354633.
3, 409, 5179
List the prime factors of 39635056.
2, 67, 36973
List the prime factors of 544638289.
13, 41895253
List the prime factors of 78793330.
2, 5, 7, 11, 102329
What are the prime factors of 19118164?
2, 13, 109, 3373
What are the prime factors of 4077854677?
13, 313681129
List the prime factors of 4963634713.
4963634713
List the prime factors of 125172571.
59, 2121569
What are the prime factors of 185077603?
499, 370897
List the prime factors of 991942101.
3, 19, 5800831
List the prime factors of 426639102.
2, 3, 1787, 39791
What are the prime factors of 399884964?
2, 3, 33323747
List the prime factors of 2413990608.
2, 3, 50291471
What are the prime factors of 107747210?
2, 5, 10774721
List the prime factors of 150031275.
3, 5, 2000417
List the prime factors of 1156519768.
2, 29, 4984999
List the prime factors of 453219563.
3079, 147197
What are the prime factors of 64591573?
64591573
What are the prime factors of 172566385?
5, 29, 229, 5197
What are the prime factors of 993616604?
2, 613, 405227
What are the prime factors of 222653477?
53, 61, 1129
What are the prime factors of 226352059?
17, 13314827
What are the prime factors of 24844135?
5, 4968827
List the prime factors of 1957520172.
2, 3, 31, 59, 89189
What are the prime factors of 820142410?
2, 5, 19, 4316539
What are the prime factors of 639945946?
2, 319972973
List the prime factors of 360722719.
7, 2999, 17183
What are the prime factors of 2823775688?
2, 23, 15346607
What are the prime factors of 233691018?
2, 3, 11, 3540773
List the prime factors of 211194520.
2, 5, 37, 142699
What are the prime factors of 211259947?
31, 271, 25147
What are the prime factors of 53679148?
2, 23, 583469
What are the prime factors of 377150754?
2, 3, 62858459
What are the prime factors of 144158621?
144158621
List the prime factors of 51330692.
2, 7, 37, 49547
What are the prime factors of 3955871504?
2, 13, 19018613
What are the prime factors of 475933974?
2, 3, 1373, 57773
List the prime factors of 281512240.
2, 5, 31, 113513
List the prime factors of 1213620704.
2, 37925647
List the prime factors of 655751704.
2, 41, 1999243
List the prime factors of 12182530.
2, 5, 113, 10781
What are the prime factors of 114385684?
2, 7, 137, 29819
What are the prime factors of 76956122?
2, 1823, 21107
List the prime factors of 26712257.
11, 13, 186799
List the prime factors of 2480425613.
17, 719, 202931
List the prime factors of 4405929460.
2, 5, 47, 4687159
List the prime factors of 5854746546.
2, 3, 11, 181, 163367
What are the prime factors of 4633359?
3, 19, 29, 2803
What are the prime factors of 1961383?
911, 2153
List the prime factors of 462378323.
11, 67, 627379
List the prime factors of 98175345.
3, 5, 53, 123491
What are the prime factors of 1335479361?
3, 1279, 348053
What are the prime factors of 7498404?
2, 3, 31, 6719
What are the prime factors of 3725209843?
3725209843
What are the prime factors of 133662593?
133662593
List the prime factors of 1519084768.
2, 41, 1157839
What are the prime factors of 2042350548?
2, 3, 7, 41, 53, 67, 167
List the prime factors of 1056869297.
11, 23, 307, 1237
List the prime factors of 1070945312.
2, 1987, 16843
List the prime factors of 493436910.
2, 3, 5, 67, 127, 1933
List the prime factors of 82450459.
7, 13, 17, 223, 239
What are the prime factors of 4655555747?
37, 5443, 23117
What are the prime factors of 80000721?
3, 47, 189127
What are the prime factors of 1428604330?
2, 5, 142860433
List the prime factors of 245380786.
2, 7, 17527199
What are the prime factors of 6375194055?
3, 5, 17, 331, 1481
List the prime factors of 1840583857.
7, 10487, 25073
List the prime factors of 336941752.
2, 7, 6016817
List the prime factors of 4690021415.
5, 10729, 87427
List the prime factors of 20362279.
7, 683, 4259
List the prime factors of 42939453.
3, 14313151
List the prime factors of 1551437770.
2, 5, 101, 1536077
What are the prime factors of 150978334?
2, 13, 1163, 4993
List the prime factors of 44718616.
2, 31, 180317
What are the prime factors of 96476821?
7, 43, 320521
List the prime factors of 25512722.
2, 353, 36137
List the prime factors of 1202606824.
2, 19, 137, 57751
What are the prime factors of 62034058?
2, 1279, 24251
List the prime factors of 116618952.
2, 3, 4859123
What are the prime factors of 30534115?
5, 6106823
What are the prime factors of 4383879078?
2, 3, 730646513
List the prime factors of 5041816970.
2, 5, 504181697
What are the prime factors of 1992580247?
7, 40664903
What are the prime factors of 8118301413?
3, 97, 353, 79031
List the prime factors of 3612874640.
2, 5, 45160933
List the prime factors of 3458757909.
3, 41, 28119983
What are the prime factors of 691528140?
2, 3, 5, 41, 93703
List the prime factors of 275359866.
2, 3, 233, 431, 457
What are the prime factors of 163109474?
2, 11, 7414067
List the prime factors of 13606577.
131, 103867
What are the prime factors of 61113001?
23, 41, 229, 283
List the prime factors of 42328014.
2, 3, 7054669
What are the prime factors of 4804734835?
5, 960946967
What are the prime factors of 570401598?
2, 3, 13, 7312841
List the prime factors of 1355008395.
3, 5, 13, 79, 87959
List the prime factors of 3069197314.
2, 257, 751, 7951
What are the prime factors of 136569271?
101, 1352171
What are the prime factors of 150209373?
3, 50069791
What are the prime factors of 10572110?
2, 5, 397, 2663
What are the prime factors of 81257522?
2, 1283, 31667
List the prime factors of 1161734157.
3, 19, 251621
List the prime factors of 59164333.
103, 179, 3209
List the prime factors of 383511630.
2, 3, 5, 12783721
What are the prime factors of 81893213?
81893213
What are the prime factors of 135121436?
2, 31, 101, 10789
List the prime factors of 93535461.
3, 19, 28789
List the prime factors of 999672934.
2, 13, 31, 563, 2203
What are the prime factors of 135637046?
2, 67818523
List the prime factors of 1130177.
17, 19, 3499
List the prime factors of 59767467.
3, 181, 110069
List the prime factors of 113154674.
2, 307, 184291
List the prime factors of 60244786.
2, 7, 4303199
What are the prime factors of 675982282?
2, 23, 599, 24533
What are the prime factors of 760124?
2, 190031
What are the prime factors of 59343003?
3, 233, 9433
List the prime factors of 26380439.
2129, 12391
List the prime factors of 3702687882.
2, 3, 617114647
List the prime factors of 2266700239.
2266700239
List the prime factors of 55413387.
3, 17, 587, 617
List the prime factors of 88316655.
3, 5, 7, 19, 44269
List the prime factors of 289891902.
2, 3, 48315317
What are the prime factors of 1247285305?
5, 7, 19, 43, 53, 823
What are the prime factors of 4980394552?
2, 7, 181, 491357
List the prime factors of 1536503479.
7, 173, 1268789
List the prime factors of 79683309.
3, 157, 56393
List the prime factors of 90564686.
2, 45282343
What are the prime factors of 522629793?
3, 7, 17, 29, 71, 79
List the prime factors of 504151819.
504151819
List the prime factors of 1812695370.
2, 3, 5, 60423179
List the prime factors of 610429295.
5, 7, 67, 163, 1597
What are the prime factors of 293717737?
293717737
List the prime factors of 636791710.
2, 5, 63679171
List the prime factors of 341909700.
2, 3, 5, 11, 9419
List the prime factors of 140249771.
29, 701, 6899
List the prime factors of 134612613.
3, 17, 879821
List the prime factors of 579382511.
579382511
What are the prime factors of 412705066?
2, 206352533
What are the prime factors of 12204977?
173, 70549
List the prime factors of 140170677.
3, 41, 617, 1847
List the prime factors of 23448911.
47, 83, 6011
List the prime factors of 2265258602.
2, 17, 1553, 42901
List the prime factors of 134884180.
2, 5, 6744209
What are the prime factors of 434081804?
2, 13, 587, 14221
List the prime factors of 62894233.
61, 1031053
What are the prime factors of 25149423?
3, 13, 644857
List the prime factors of 136740276.
2, 3, 1033, 3677
What are the prime factors of 42927391?
13, 3302107
What are the prime factors of 748436437?